{"id":299,"date":"2021-11-17T10:39:24","date_gmt":"2021-11-17T10:39:24","guid":{"rendered":"https:\/\/knf.pan.pl\/?page_id=299"},"modified":"2022-10-19T08:36:03","modified_gmt":"2022-10-19T08:36:03","slug":"konferencje","status":"publish","type":"page","link":"https:\/\/oldknf.pan.pl\/?page_id=299","title":{"rendered":"Konferencje"},"content":{"rendered":"\n<p>Zapraszamy do udzia\u0142u w konferencji mi\u0119dzynarodowej &#8222;History in\/of the Lvov-Warsaw School&#8221; (20-23 pa\u017adziernika 2022 r.). Konferencja b\u0119dzie transmitowana na platformie Zoom. Szczeg\u00f3\u0142y oraz program: <a href=\"https:\/\/sites.google.com\/uw.edu.pl\/history-lws\/home\">tutaj<\/a>.<\/p>\n\n\n\n<figure class=\"wp-block-gallery columns-1 is-cropped\"><ul class=\"blocks-gallery-grid\"><li class=\"blocks-gallery-item\"><figure><img loading=\"lazy\" width=\"724\" height=\"1024\" src=\"https:\/\/knf.pan.pl\/wp-content\/uploads\/2022\/10\/history-LWS-724x1024.png\" alt=\"\" data-id=\"427\" data-full-url=\"https:\/\/knf.pan.pl\/wp-content\/uploads\/2022\/10\/history-LWS.png\" data-link=\"https:\/\/knf.pan.pl\/?attachment_id=427\" class=\"wp-image-427\" srcset=\"https:\/\/oldknf.pan.pl\/wp-content\/uploads\/2022\/10\/history-LWS-724x1024.png 724w, https:\/\/oldknf.pan.pl\/wp-content\/uploads\/2022\/10\/history-LWS-212x300.png 212w, https:\/\/oldknf.pan.pl\/wp-content\/uploads\/2022\/10\/history-LWS-768x1086.png 768w, https:\/\/oldknf.pan.pl\/wp-content\/uploads\/2022\/10\/history-LWS-1086x1536.png 1086w, https:\/\/oldknf.pan.pl\/wp-content\/uploads\/2022\/10\/history-LWS-1448x2048.png 1448w, https:\/\/oldknf.pan.pl\/wp-content\/uploads\/2022\/10\/history-LWS-1200x1697.png 1200w, https:\/\/oldknf.pan.pl\/wp-content\/uploads\/2022\/10\/history-LWS.png 1786w\" sizes=\"(max-width: 724px) 85vw, 724px\" \/><\/figure><\/li><\/ul><\/figure>\n\n\n\n<hr class=\"wp-block-separator\"\/>\n\n\n\n<p>Zapraszamy do udzia\u0142u w konferencji filozoficznej &#8222;III Bydgoskie Spotkania Filozoficzne \u2013 Perspektywy Wsp\u00f3\u0142czesnej Filozofii Religii&#8221; (22-24 wrze\u015bnia 2022 r.). Szczeg\u00f3\u0142y: <a href=\"https:\/\/www.facebook.com\/bsf2020\">tutaj<\/a>.<\/p>\n\n\n\n<a href=\"https:\/\/www.facebook.com\/bsf2020\/\"><img src=\"https:\/\/filozofuj.eu\/wp-content\/uploads\/2022\/05\/iii-bsf.png\" style=\"border: 0; width: 100%; margin: 0 0 20px 0;\"><\/a>\n\n\n\n<hr class=\"wp-block-separator\"\/>\n\n\n\n<p>Zapraszamy do udzia\u0142u w konferencji mi\u0119dzynarodowej &#8222;Philosophical Schools After 1950&#8221; (9-10 maja 2022 r.). Szczeg\u00f3\u0142y: <a href=\"http:\/\/www.edukacja-filozoficzna.uw.edu.pl\/philosophical-schools\/\">tutaj<\/a>.<\/p>\n\n\n\n<a href=\"http:\/\/www.edukacja-filozoficzna.uw.edu.pl\/philosophical-schools\/\"><img src=\"http:\/\/www.edukacja-filozoficzna.uw.edu.pl\/wp-content\/uploads\/2022\/05\/philosophical-schools-conference.png\" style=\"border: 0; width: 100%; margin: 0 0 20px 0;\"><\/a>\n\n\n\n<hr class=\"wp-block-separator\"\/>\n\n\n\n<p>Zapraszamy do udzia\u0142u w konferencji mi\u0119dzynarodowej &#8222;The World of Values in the Lvov-Warsaw School&#8221; (21-23 pa\u017adziernika 2021 r.). Szczeg\u00f3\u0142y: <a href=\"https:\/\/sites.google.com\/uw.edu.pl\/worldofvalues\/\">tutaj<\/a>.<\/p>\n\n\n\n<a href=\"https:\/\/sites.google.com\/uw.edu.pl\/worldofvalues\/\"><img src=\"https:\/\/knf.pan.pl\/wp-content\/uploads\/2021\/10\/konferencja-world-of-values.png\" style=\"border: 0; width: 100%; margin: 0 0 20px 0;\"><\/a>\n\n\n\n<hr class=\"wp-block-separator\"\/>\n","protected":false},"excerpt":{"rendered":"<p>Zapraszamy do udzia\u0142u w konferencji mi\u0119dzynarodowej &#8222;History in\/of the Lvov-Warsaw School&#8221; (20-23 pa\u017adziernika 2022 r.). Konferencja b\u0119dzie transmitowana na platformie Zoom. Szczeg\u00f3\u0142y oraz program: tutaj. Zapraszamy do udzia\u0142u w konferencji filozoficznej &#8222;III Bydgoskie Spotkania Filozoficzne \u2013 Perspektywy Wsp\u00f3\u0142czesnej Filozofii Religii&#8221; (22-24 wrze\u015bnia 2022 r.). Szczeg\u00f3\u0142y: tutaj. Zapraszamy do udzia\u0142u w konferencji mi\u0119dzynarodowej &#8222;Philosophical Schools After &hellip; <a href=\"https:\/\/oldknf.pan.pl\/?page_id=299\" class=\"more-link\">Czytaj dalej<span class=\"screen-reader-text\"> Konferencje<\/span><\/a><\/p>\n","protected":false},"author":2,"featured_media":0,"parent":0,"menu_order":0,"comment_status":"closed","ping_status":"closed","template":"","meta":[],"_links":{"self":[{"href":"https:\/\/oldknf.pan.pl\/index.php?rest_route=\/wp\/v2\/pages\/299"}],"collection":[{"href":"https:\/\/oldknf.pan.pl\/index.php?rest_route=\/wp\/v2\/pages"}],"about":[{"href":"https:\/\/oldknf.pan.pl\/index.php?rest_route=\/wp\/v2\/types\/page"}],"author":[{"embeddable":true,"href":"https:\/\/oldknf.pan.pl\/index.php?rest_route=\/wp\/v2\/users\/2"}],"replies":[{"embeddable":true,"href":"https:\/\/oldknf.pan.pl\/index.php?rest_route=%2Fwp%2Fv2%2Fcomments&post=299"}],"version-history":[{"count":5,"href":"https:\/\/oldknf.pan.pl\/index.php?rest_route=\/wp\/v2\/pages\/299\/revisions"}],"predecessor-version":[{"id":430,"href":"https:\/\/oldknf.pan.pl\/index.php?rest_route=\/wp\/v2\/pages\/299\/revisions\/430"}],"wp:attachment":[{"href":"https:\/\/oldknf.pan.pl\/index.php?rest_route=%2Fwp%2Fv2%2Fmedia&parent=299"}],"curies":[{"name":"wp","href":"https:\/\/api.w.org\/{rel}","templated":true}]}}