{"id":102,"date":"2020-10-01T06:25:46","date_gmt":"2020-10-01T06:25:46","guid":{"rendered":"https:\/\/knf.pan.pl\/?page_id=102"},"modified":"2021-08-06T07:37:24","modified_gmt":"2021-08-06T07:37:24","slug":"commissions","status":"publish","type":"page","link":"https:\/\/oldknf.pan.pl\/?page_id=102&lang=en","title":{"rendered":"Commissions"},"content":{"rendered":"\n<h2>Philosophy Research and Dissemination Commission<\/h2>\n\n\n\n<p>Chairman: dr hab. Marcin Mi\u0142kowski, prof. PAN <\/p>\n\n\n\n<p>Members: prof. dr hab. Arkadiusz Chrudzimski, prof. dr hab. Dariusz \u0141ukasiewicz, prof. dr hab. Pawe\u0142 Kawalec <\/p>\n\n\n\n<h2>Philosophy and Ethics Education Commission <\/h2>\n\n\n\n<p>Chairman: dr hab. Artur Szutta, prof. UG <\/p>\n\n\n\n<p>Members: prof. dr hab. Anna Bro\u017cek, prof. dr hab. Adam Grobler, prof. dr hab. Ryszard Kleszcz, prof. dr hab. Dariusz \u0141ukasiewicz, prof. dr hab. Justyna Miklaszewska, prof. dr hab. Aldona Pobojewska, dr Maria Pleskaczy\u0144ska<\/p>\n","protected":false},"excerpt":{"rendered":"<p>Philosophy Research and Dissemination Commission Chairman: dr hab. Marcin Mi\u0142kowski, prof. PAN Members: prof. dr hab. Arkadiusz Chrudzimski, prof. dr hab. Dariusz \u0141ukasiewicz, prof. dr hab. Pawe\u0142 Kawalec Philosophy and Ethics Education Commission Chairman: dr hab. Artur Szutta, prof. UG Members: prof. dr hab. Anna Bro\u017cek, prof. dr hab. Adam Grobler, prof. dr hab. Ryszard &hellip; <a href=\"https:\/\/oldknf.pan.pl\/?page_id=102&#038;lang=en\" class=\"more-link\">Czytaj dalej<span class=\"screen-reader-text\"> Commissions<\/span><\/a><\/p>\n","protected":false},"author":2,"featured_media":0,"parent":0,"menu_order":0,"comment_status":"closed","ping_status":"closed","template":"","meta":[],"_links":{"self":[{"href":"https:\/\/oldknf.pan.pl\/index.php?rest_route=\/wp\/v2\/pages\/102"}],"collection":[{"href":"https:\/\/oldknf.pan.pl\/index.php?rest_route=\/wp\/v2\/pages"}],"about":[{"href":"https:\/\/oldknf.pan.pl\/index.php?rest_route=\/wp\/v2\/types\/page"}],"author":[{"embeddable":true,"href":"https:\/\/oldknf.pan.pl\/index.php?rest_route=\/wp\/v2\/users\/2"}],"replies":[{"embeddable":true,"href":"https:\/\/oldknf.pan.pl\/index.php?rest_route=%2Fwp%2Fv2%2Fcomments&post=102"}],"version-history":[{"count":3,"href":"https:\/\/oldknf.pan.pl\/index.php?rest_route=\/wp\/v2\/pages\/102\/revisions"}],"predecessor-version":[{"id":213,"href":"https:\/\/oldknf.pan.pl\/index.php?rest_route=\/wp\/v2\/pages\/102\/revisions\/213"}],"wp:attachment":[{"href":"https:\/\/oldknf.pan.pl\/index.php?rest_route=%2Fwp%2Fv2%2Fmedia&parent=102"}],"curies":[{"name":"wp","href":"https:\/\/api.w.org\/{rel}","templated":true}]}}